{"id":3034,"date":"2021-06-27T13:00:26","date_gmt":"2021-06-27T10:00:26","guid":{"rendered":"https:\/\/the7.io\/wedding\/?page_id=2"},"modified":"2026-01-09T18:24:37","modified_gmt":"2026-01-09T15:24:37","slug":"home","status":"publish","type":"page","link":"https:\/\/www.jalkahoitoleinikki.fi\/","title":{"rendered":"Jalkahoito Leinikki"},"content":{"rendered":"<p>[vc_row full_height=&#8221;yes&#8221; bg_type=&#8221;image&#8221; parallax_style=&#8221;vcpb-default&#8221; bg_image_new=&#8221;id^3118|url^http:\/\/www.jalkahoitoleinikki.fi\/wp-content\/uploads\/2021\/06\/tausta-scaled.jpg|caption^null|alt^null|title^tausta|description^null&#8221; bg_override=&#8221;full&#8221; el_id=&#8221;etusivu&#8221;][vc_column][vc_single_image image=&#8221;3117&#8243; img_size=&#8221;400&#215;171&#8243; alignment=&#8221;center&#8221; css_animation=&#8221;fadeIn&#8221;][vc_separator color=&#8221;custom&#8221; el_width=&#8221;50&#8243; accent_color=&#8221;#855c9e&#8221;][\/vc_column][vc_column][vc_column_text]<\/p>\n<h1 style=\"text-align: center;\"><span style=\"color: #855c9e;\">Jalkojenhoitoa terveydenhuollon ammattilaiselta<\/span><\/h1>\n<p>[\/vc_column_text][\/vc_column][vc_column width=&#8221;2\/3&#8243;]<div class=\"gap\" style=\"line-height: 50px; height: 50px;\"><\/div>[vc_column_text]Olen<strong> Tiina Aikio<\/strong>, jalkojenhoidon ammattitutkinnon suorittanut l\u00e4hihoitaja.<br \/>\nTarjoan ammattitaitoista, yst\u00e4v\u00e4llist\u00e4 ja kiireet\u00f6nt\u00e4 jalkojenhoitoa kaiken ik\u00e4isille.<\/p>\n<p><strong>Jalkahoito Leinikki<\/strong> on pieni ja rauhallinen kotihoitola Vantaan Simonkyl\u00e4ss\u00e4.[\/vc_column_text][\/vc_column][vc_column width=&#8221;1\/3&#8243;][vc_single_image image=&#8221;3119&#8243; img_size=&#8221;200&#215;200&#8243; alignment=&#8221;center&#8221; style=&#8221;vc_box_shadow_circle_2&#8243;][\/vc_column][\/vc_row][vc_row full_height=&#8221;yes&#8221; el_id=&#8221;hoito&#8221;][vc_column][vc_separator color=&#8221;custom&#8221; el_width=&#8221;50&#8243; accent_color=&#8221;#855c9e&#8221;][\/vc_column][vc_column][vc_column_text]<\/p>\n<h2 style=\"text-align: center;\">Hoidon aikana<\/h2>\n<p>[\/vc_column_text][\/vc_column][vc_column width=&#8221;1\/3&#8243;][vc_column_text css_animation=&#8221;fadeInLeft&#8221;]<img loading=\"lazy\" class=\"alignnone wp-image-3115\" src=\"http:\/\/www.jalkahoitoleinikki.fi\/wp-content\/uploads\/2021\/06\/kovettuma-300x225.jpg\" alt=\"\" width=\"400\" height=\"300\" srcset=\"https:\/\/www.jalkahoitoleinikki.fi\/wp-content\/uploads\/2021\/06\/kovettuma-300x225.jpg 300w, https:\/\/www.jalkahoitoleinikki.fi\/wp-content\/uploads\/2021\/06\/kovettuma-1024x768.jpg 1024w, https:\/\/www.jalkahoitoleinikki.fi\/wp-content\/uploads\/2021\/06\/kovettuma-768x576.jpg 768w, https:\/\/www.jalkahoitoleinikki.fi\/wp-content\/uploads\/2021\/06\/kovettuma-1536x1152.jpg 1536w, https:\/\/www.jalkahoitoleinikki.fi\/wp-content\/uploads\/2021\/06\/kovettuma-2048x1536.jpg 2048w\" sizes=\"(max-width: 400px) 100vw, 400px\" \/>[\/vc_column_text][\/vc_column][vc_column width=&#8221;2\/3&#8243;][vc_column_text]<\/p>\n<p style=\"text-align: left;\">Hoitok\u00e4ynnin aikana vallitsee yst\u00e4v\u00e4llinen ja kiireet\u00f6n tunnelma, jolloin rentoudut kahvi- tai teekupposen \u00e4\u00e4rell\u00e4.<\/p>\n<p style=\"text-align: left;\">Jalkojenhoitajana arvioin hoidon tarpeen ja laadin yksil\u00f6llisen hoitosuunnitelman.<br \/>\nTerveysalan koulutus tuo osaamista ja ymm\u00e4rryst\u00e4 eri sairauksien asettamista vaatimuksista.<br \/>\nHaluan huolehtia jalkojesi hyvinvoinnista, ennaltaehk\u00e4ist\u00e4 jalkaongelmia ja yll\u00e4pit\u00e4\u00e4 jalkojesi terveytt\u00e4.<\/p>\n<p>[\/vc_column_text][\/vc_column][\/vc_row][vc_row full_height=&#8221;yes&#8221; bg_type=&#8221;image&#8221; parallax_style=&#8221;vcpb-default&#8221; bg_image_new=&#8221;id^3118|url^http:\/\/www.jalkahoitoleinikki.fi\/wp-content\/uploads\/2021\/06\/tausta-scaled.jpg|caption^null|alt^null|title^tausta|description^null&#8221; bg_override=&#8221;full&#8221; el_id=&#8221;hinnasto&#8221;][vc_column][vc_separator color=&#8221;custom&#8221; el_width=&#8221;50&#8243; accent_color=&#8221;#855c9e&#8221;][\/vc_column][vc_column][vc_column_text]<\/p>\n<h2 style=\"text-align: center;\">Hinnasto<\/h2>\n<p>[\/vc_column_text][\/vc_column][vc_column width=&#8221;1\/2&#8243;]<div class=\"standard-arrow bullet-top\"><ul>\n<li>\n<h4 style=\"text-align: left;\">Terveydenhoidollinen jalkojen hoito 60 min \u2013 <span style=\"color: #7eb13f;\"><strong>68 \u20ac<\/strong><\/span><\/h4>\n<\/li>\n<\/ul>\n<p style=\"text-align: left;\">Hoito sis\u00e4lt\u00e4\u00e4 hoidon tarpeen arvioinnin, jalkakylvyn, kovettumien ja k\u00e4nsien poiston, kynsien leikkauksen ja tarvittaessa ohentamisen, jalkojen rasvaushieronnan hoitoajan puitteissa sek\u00e4 kotihoito-ohjeet. Sopii my\u00f6s diabeetikoille.<\/p>\n<ul>\n<li>\n<h4>Terveydenhoidollinen jalkojen hoito 90 min <strong>\u2013<span style=\"color: #7eb13f;\">83 \u20ac<\/span><\/strong><\/h4>\n<\/li>\n<\/ul>\n<p style=\"text-align: left;\"><span style=\"color: #7eb13f;\">Va<\/span><span style=\"font-weight: normal;\">litse t\u00e4m\u00e4 hoito, jos sinulla on runsaasti kovettumia ja k\u00e4nsi\u00e4 tai paksuuntuneita kynsi\u00e4. Sopii my\u00f6s diabeetikoille.<\/span><\/p>\n<ul style=\"text-align: left;\">\n<li>\n<h4>Lahjakortit<\/h4>\n<\/li>\n<\/ul>\n<\/div>[\/vc_column][vc_column width=&#8221;1\/2&#8243;]<div class=\"standard-arrow bullet-top\"><ul>\n<li>\n<h4>Yksitt\u00e4iset hoitotoimenpiteet 30min \u2013 <strong><span style=\"color: #7eb13f;\">43 \u20ac<\/span><\/strong><\/h4>\n<\/li>\n<\/ul>\n<p>Iho- ja kynsimuutosten osahoito, esim. yksitt\u00e4isen k\u00e4ns\u00e4n poisto, sis\u00e4\u00e4nkasvaneen kynnen hoito jne. Sopii my\u00f6s diabeetikoille.<\/p>\n<ul>\n<li>\n<h4 style=\"text-align: left;\">Kevennyshoito 45 min<\/h4>\n<\/li>\n<\/ul>\n<p style=\"text-align: left;\">Sis\u00e4lt\u00e4\u00e4 kovettumien \/ k\u00e4nsien poiston kevennett\u00e4v\u00e4lt\u00e4 alueelta sek\u00e4 yksil\u00f6llisesti valmistetut iskuvaimennuspohjalliset huopakevennyksell\u00e4. Hinta arvioidaan ajanvarauksen yhteydess\u00e4.<\/p>\n<h4><\/h4>\n<\/div>[\/vc_column][vc_column][vc_column_text]<\/p>\n<p style=\"text-align: center;\"><em>\u00a0<\/em><\/p>\n<p>[\/vc_column_text][\/vc_column][\/vc_row][vc_row full_height=&#8221;yes&#8221; el_id=&#8221;ajanvaraus&#8221;][vc_column][vc_separator color=&#8221;custom&#8221; el_width=&#8221;50&#8243; accent_color=&#8221;#855c9e&#8221;][\/vc_column][vc_column][vc_column_text]<\/p>\n<h2 style=\"text-align: center;\">Ajanvaraus<\/h2>\n<p>[\/vc_column_text][\/vc_column][vc_column width=&#8221;2\/3&#8243;][vc_column_text]<\/p>\n<p style=\"text-align: left;\">Hoitola on avoinna arkisin ajanvarauksella.<\/p>\n<p style=\"text-align: left;\">Ajanvaraus on mahdollista puhelimitse tai nettiajanvarauksella.<br \/>\nHuomioithan, ett\u00e4 en vastaa hoitojen aikana puhelimeen, vaan otan yhteytt\u00e4 vapauduttuani.<\/p>\n<blockquote><p><span style=\"color: #855c9e;\"><strong><a style=\"color: #855c9e;\" href=\"https:\/\/nettivaraus6.ajas.fi\/fi\/422759e19922\">Nettiajanvaraus<\/a><\/strong><\/span><\/p>\n<p><strong>puh. 041 319 7003<\/strong><\/p><\/blockquote>\n<p style=\"text-align: left;\">Peruuttamattomista tai liian my\u00f6h\u00e4\u00e4n perutuista varauksista veloitetaan puolet hoidon hinnasta.<\/p>\n<p style=\"text-align: left;\"><span style=\"color: #7eb13f;\"><strong>Huom! Meill\u00e4 asustaa my\u00f6s kissa.<\/strong><\/span><\/p>\n<p>[\/vc_column_text][\/vc_column][vc_column width=&#8221;1\/3&#8243;][vc_column_text css_animation=&#8221;fadeInRight&#8221;]<\/p>\n<p style=\"text-align: right;\"><img loading=\"lazy\" class=\"wp-image-3127 alignnone\" src=\"http:\/\/www.jalkahoitoleinikki.fi\/wp-content\/uploads\/2021\/06\/hoitola-300x225.jpg\" alt=\"\" width=\"400\" height=\"300\" srcset=\"https:\/\/www.jalkahoitoleinikki.fi\/wp-content\/uploads\/2021\/06\/hoitola-300x225.jpg 300w, https:\/\/www.jalkahoitoleinikki.fi\/wp-content\/uploads\/2021\/06\/hoitola-1024x768.jpg 1024w, https:\/\/www.jalkahoitoleinikki.fi\/wp-content\/uploads\/2021\/06\/hoitola-768x576.jpg 768w, https:\/\/www.jalkahoitoleinikki.fi\/wp-content\/uploads\/2021\/06\/hoitola-1536x1152.jpg 1536w, https:\/\/www.jalkahoitoleinikki.fi\/wp-content\/uploads\/2021\/06\/hoitola-2048x1536.jpg 2048w\" sizes=\"(max-width: 400px) 100vw, 400px\" \/><\/p>\n<p>[\/vc_column_text][\/vc_column][\/vc_row][vc_row full_height=&#8221;yes&#8221; el_id=&#8221;yhteystiedot&#8221;][vc_column][vc_separator color=&#8221;custom&#8221; el_width=&#8221;50&#8243; accent_color=&#8221;#855c9e&#8221;][\/vc_column][vc_column][vc_column_text]<\/p>\n<h2 style=\"text-align: center;\">Yhteystiedot<\/h2>\n<p>[\/vc_column_text][\/vc_column][vc_column width=&#8221;1\/2&#8243;][vc_gmaps link=&#8221;#E-8_JTNDaWZyYW1lJTIwc3JjJTNEJTIyaHR0cHMlM0ElMkYlMkZ3d3cuZ29vZ2xlLmNvbSUyRm1hcHMlMkZlbWJlZCUzRnBiJTNEJTIxMW0xOCUyMTFtMTIlMjExbTMlMjExZDE5NzYuMDg2ODU1MzA2MjQxJTIxMmQyNS4wMjc1MDI0MTYxNDc3ODMlMjEzZDYwLjMxMTYyNTEzODkxNjgyJTIxMm0zJTIxMWYwJTIxMmYwJTIxM2YwJTIxM20yJTIxMWkxMDI0JTIxMmk3NjglMjE0ZjEzLjElMjEzbTMlMjExbTIlMjExczB4NDY5MjA3OWVhOGRhZWFiNyUyNTNBMHhiNTQ2MjQ2ZTExMmZiMTk2JTIxMnNMZWluaWtraXRpZSUyNTIwMzAlMjUyQyUyNTIwMDEzNTAlMjUyMFZhbnRhYSUyMTVlMCUyMTNtMiUyMTFzZmklMjEyc2ZpJTIxNHYxNjI0NzgzNjk3Njc4JTIxNW0yJTIxMXNmaSUyMTJzZmklMjIlMjB3aWR0aCUzRCUyMjYwMCUyMiUyMGhlaWdodCUzRCUyMjQ1MCUyMiUyMHN0eWxlJTNEJTIyYm9yZGVyJTNBMCUzQiUyMiUyMGFsbG93ZnVsbHNjcmVlbiUzRCUyMiUyMiUyMGxvYWRpbmclM0QlMjJsYXp5JTIyJTNFJTNDJTJGaWZyYW1lJTNF&#8221; size=&#8221;300&#8243;][\/vc_column][vc_column width=&#8221;1\/2&#8243;][vc_column_text el_id=&#8221;yhteystiedot&#8221;]<\/p>\n<p style=\"text-align: left;\">Jalkahoito Leinikki<br \/>\nLeinikkitie 30 A 2<br \/>\n01350 Vantaa<\/p>\n<p style=\"text-align: left;\"><a href=\"mailto:tiina@jalkahoitoleinikki.fi\">tiina@jalkahoitoleinikki.fi<\/a><\/p>\n<p style=\"text-align: left;\">puh. 041 319 7003<\/p>\n<p style=\"text-align: left;\">Hoitola sijaitsee hyvien julkisten kulkuyhteyksien varrella.<br \/>\nMeille voit saapua my\u00f6s omalla autolla, pihalla on ilmaista parkkitilaa.<\/p>\n<p>Sis\u00e4\u00e4nk\u00e4ynti on esteet\u00f6n.[\/vc_column_text][\/vc_column][\/vc_row]<\/p>\n","protected":false},"excerpt":{"rendered":"<p>[vc_row full_height=&#8221;yes&#8221; bg_type=&#8221;image&#8221; parallax_style=&#8221;vcpb-default&#8221; bg_image_new=&#8221;id^3118|url^http:\/\/www.jalkahoitoleinikki.fi\/wp-content\/uploads\/2021\/06\/tausta-scaled.jpg|caption^null|alt^null|title^tausta|description^null&#8221; bg_override=&#8221;full&#8221; el_id=&#8221;etusivu&#8221;][vc_column][vc_single_image image=&#8221;3117&#8243; img_size=&#8221;400&#215;171&#8243; alignment=&#8221;center&#8221; css_animation=&#8221;fadeIn&#8221;][vc_separator color=&#8221;custom&#8221; el_width=&#8221;50&#8243; accent_color=&#8221;#855c9e&#8221;][\/vc_column][vc_column][vc_column_text] Jalkojenhoitoa terveydenhuollon ammattilaiselta [\/vc_column_text][\/vc_column][vc_column width=&#8221;2\/3&#8243;][vc_column_text]Olen Tiina Aikio, jalkojenhoidon ammattitutkinnon suorittanut l\u00e4hihoitaja. Tarjoan ammattitaitoista, yst\u00e4v\u00e4llist\u00e4 ja kiireet\u00f6nt\u00e4 jalkojenhoitoa kaiken ik\u00e4isille. Jalkahoito Leinikki on pieni ja rauhallinen kotihoitola Vantaan Simonkyl\u00e4ss\u00e4.[\/vc_column_text][\/vc_column][vc_column width=&#8221;1\/3&#8243;][vc_single_image image=&#8221;3119&#8243; img_size=&#8221;200&#215;200&#8243; alignment=&#8221;center&#8221; style=&#8221;vc_box_shadow_circle_2&#8243;][\/vc_column][\/vc_row][vc_row full_height=&#8221;yes&#8221; el_id=&#8221;hoito&#8221;][vc_column][vc_separator color=&#8221;custom&#8221; el_width=&#8221;50&#8243; accent_color=&#8221;#855c9e&#8221;][\/vc_column][vc_column][vc_column_text] Hoidon aikana [\/vc_column_text][\/vc_column][vc_column&hellip;<\/p>\n","protected":false},"author":1,"featured_media":0,"parent":0,"menu_order":0,"comment_status":"closed","ping_status":"closed","template":"","meta":[],"_links":{"self":[{"href":"https:\/\/www.jalkahoitoleinikki.fi\/index.php\/wp-json\/wp\/v2\/pages\/3034"}],"collection":[{"href":"https:\/\/www.jalkahoitoleinikki.fi\/index.php\/wp-json\/wp\/v2\/pages"}],"about":[{"href":"https:\/\/www.jalkahoitoleinikki.fi\/index.php\/wp-json\/wp\/v2\/types\/page"}],"author":[{"embeddable":true,"href":"https:\/\/www.jalkahoitoleinikki.fi\/index.php\/wp-json\/wp\/v2\/users\/1"}],"replies":[{"embeddable":true,"href":"https:\/\/www.jalkahoitoleinikki.fi\/index.php\/wp-json\/wp\/v2\/comments?post=3034"}],"version-history":[{"count":57,"href":"https:\/\/www.jalkahoitoleinikki.fi\/index.php\/wp-json\/wp\/v2\/pages\/3034\/revisions"}],"predecessor-version":[{"id":3165,"href":"https:\/\/www.jalkahoitoleinikki.fi\/index.php\/wp-json\/wp\/v2\/pages\/3034\/revisions\/3165"}],"wp:attachment":[{"href":"https:\/\/www.jalkahoitoleinikki.fi\/index.php\/wp-json\/wp\/v2\/media?parent=3034"}],"curies":[{"name":"wp","href":"https:\/\/api.w.org\/{rel}","templated":true}]}}